 -35*k = -c*k - 8. Suppose k*t = -3*t + 12145. Is t a prime number?
False
Let h = 42091 - -38078. Is h composite?
True
Suppose 3*t - 3*w + 0*w - 330462 = 0, 4*t - 440641 = -w. Is t a composite number?
True
Let u = 157 + -110. Suppose 19 = 4*b + u. Let y(p) = -3*p**3 - 9*p**2 - 14*p - 7. Is y(b) prime?
False
Suppose -147555010 = -390*k + 123010220. Is k prime?
True
Let n(i) = -8*i + 1087. Suppose 5*y + 15 = -4*h, 2*y + 1 = -4*h - 5. Is n(h) composite?
False
Suppose n - a - 16820 - 12776 = 0, 0 = -4*a - 20. Let x = -45002 + n. Is (-3)/(-6) + x/(-6) prime?
False
Let d = 6609 + -4176. Suppose 2*f - d = -239. Suppose -6*i + 2041 = -f. Is i composite?
False
Let r = 40 - 19. Suppose n + r = 4*f, 5*n - 3*n = -2*f - 2. Suppose -3*z - 2*o = -f*o - 2403, 0 = 5*o + 15. Is z a composite number?
True
Suppose -2*f = -0*t + t - 12, 3*t + 3*f = 21. Suppose 43*y - 51869 = -5730. Suppose n = t*z - n - 426, 0 = -5*z + 3*n + y. Is z prime?
False
Is ((-41776)/224)/((-2)/76) a composite number?
True
Suppose -3*s + m + 10653 = 0, -6*s + 11*s - 4*m - 17755 = 0. Suppose s = n + 3445. Is n composite?
True
Let u be (-3046)/(-3) + (-2)/(-3). Suppose m + 17*b + 33 = 18*b, 0 = 2*m - 5*b + 84. Let r = u - m. Is r a composite number?
True
Suppose -14114 = -3*s + q, -4*s + 4*q + q + 18837 = 0. Suppose -s = 19*x - 20*x. Is x composite?
False
Let o = -48 - -50. Suppose 7*u = o*u + 95. Is (-7 - 37)*u/8*-2 prime?
False
Suppose 11*j - 9 = -5*o + 7*j, 2*o - 26 = 4*j. Suppose 2*v + 10 = 0, -8793 = -4*d + o*v + 30212. Is d a prime number?
False
Is 435/(-58)*2/10*(-4758954)/9 a prime number?
True
Let r = 19 - 17. Is ((-34)/r)/(2 + 738/(-366)) prime?
False
Let p = -50 - -46. Suppose -3*c - 7 = -4*w, -2*w + 6*c + 7 = c. Is (-7295)/(-2)*w + 2/p a composite number?
True
Let g(i) = 3314*i**2 - 103*i - 1370. Is g(-16) composite?
True
Let b(k) = 2*k**3 + 11*k**2 - 2. Let o be b(-6). Is (-83761)/(-9) - o/171 prime?
False
Let j = -13350 - -25631. Is j prime?
True
Let r(k) = -3*k**2 + 4*k**2 + 2*k**2 - 2*k**2 - 12 - 16*k. Let c be r(17). Suppose 5*b + 383 = q + b, -1947 = -c*q + 4*b. Is q a prime number?
False
Suppose 86*j + 72*j - 1146542643 = -175*j. Is j a composite number?
False
Let p = 98 - 90. Suppose 4*b - p*b = -5*d - 34242, 3*d = -5*b + 42821. Is b composite?
False
Let a(o) be the first derivative of 50*o**3/3 + 5*o**2 - 23*o + 129. Is a(10) composite?
False
Let c(p) = -95*p**3 + 3*p**2 + 3*p - 3. Let l(b) = -6*b**2 + 25*b - 2. Let t be l(4). Suppose -2*r + t = 4*w + 18, 4*r + 5*w + 23 = 0. Is c(r) a prime number?
False
Suppose 0 = y + 14*y - 2012480 - 131755. Is y prime?
True
Let b = -183 + 192. Suppose -26*g = -b*g - 36329. Is g composite?
False
Suppose -3*v - 165 = -12. Is (-150828)/9*v/68 a prime number?
True
Is -8 + 1225/((-76)/(-19) + 1558/(-390)) prime?
False
Let t be (-12)/6 - 4*(2 - -2). Let n be -2*(-3)/t*-3. Is (6/9)/(((-4)/(-3342))/n) composite?
False
Let m(u) = 8*u - 4 + 24*u**2 + u**3 + 7 + 4. Let n be (-90)/165 + (-205)/(-275) + (-91)/5. Is m(n) a prime number?
False
Let s(j) be the second derivative of 67*j**4/2 + j**3/6 - j**2 - 4*j. Suppose 5*v + 5*z = 9*v + 11, -9 = -3*z. Is s(v) prime?
True
Let d(v) = -8*v**2 - 26*v + 11. Let z(m) = -9*m**2 - 25*m + 10. Let q(o) = -4*d(o) + 3*z(o). Let j be q(-13). Let i = j + -137. Is i prime?
True
Let f(h) = -191 - 181 + 574 + 2*h + 2*h**2 - 186 + 307*h**3. Is f(3) a prime number?
True
Suppose 35829 - 7881 = 6*y. Suppose -2*u - 6*s = -3*s - 4658, 2*u = -2*s + y. Is u a prime number?
False
Suppose 0 = p + 3*k - 334922, 4*p + 42*k - 1339730 = 44*k. Is p prime?
True
Let c = -48036 - -68995. Is c prime?
True
Let w(x) = -62*x + 6. Let d be w(-3). Let m = d - 3078. Let y = m + 4879. Is y a composite number?
False
Let o(u) = 135*u**3 - 4 + 5*u**2 - u + 8*u**2 - 24*u**2 + 12*u**2. Let p(l) = l**2 - 4*l + 7. Let g be p(2). Is o(g) a composite number?
True
Let b(z) = -17553*z + 973. Is b(-2) composite?
True
Suppose 597024 = 153*t - 1262079. Is t composite?
True
Let s(u) = -1 + 68 + 26 + 167*u + 476*u. Is s(16) a prime number?
False
Suppose -b - 827*m = -831*m - 392311, 4*b - 1569210 = -m. Is b a composite number?
True
Is ((-4)/(-9))/((-246)/(-37061253)) prime?
False
Let a(x) = -x**2 + 22*x - 46. Let v be a(19). Let i be v/((-88)/12)*(-301 + 1). Suppose 5*o - i = 65. Is o prime?
True
Let h = 29 - 26. Suppose -5*k - h = -18. Is (-541)/2*(-4)/6*k prime?
True
Let p(f) = -667*f - 1. Let r(y) = -668*y - 2. Let n(g) = -4*p(g) + 5*r(g). Let o be n(-5). Let w = o + -1335. Is w a prime number?
False
Suppose 2*u + 3*o + 8 = -9, 33 = -4*u - 5*o. Is ((-14738)/6)/(u/105) a prime number?
False
Is (7 + 63)/(-10) + 45534 composite?
True
Let y = 133 - 130. Suppose 0 = -3*b + 3, u = b - 2 + y. Suppose u*w + 1461 = 5*w. Is w a prime number?
True
Suppose 467*u + 123584 = 2*v + 472*u, 2*v = u + 123548. Is v prime?
False
Let d(i) = -162*i - 50. Let s be d(7). Let c = 442 + s. Let r = -345 - c. Is r prime?
True
Suppose -i = 2*i - 3, 3*u + i - 1 = 0. Let v be -28 - (0 + 0 + u). Is (v/(-16))/(3/1164) a composite number?
True
Let a(v) = 1 + 7*v - 11*v**3 - 11*v**2 - 24*v + 0*v**3 - 2*v. Let m be a(-6). Suppose -w - 3*r - m = -3*w, -3*w + 3*r = -3138. Is w a composite number?
True
Suppose -5*g = 4*o - 3017727, -147*g + 142*g = -4*o + 3017777. Is o a composite number?
True
Let j = -54 + 56. Suppose -5*r + 2 = j*l - 27, -2*l - 3*r = -19. Is (l - -624)*(5 + -4) a composite number?
True
Suppose 9*q - 17*q - 48 = 0. Let l(r) = r**2 + r - 1. Let w(k) = -19*k**3 - 12*k**2 - 8*k + 20. Let v(y) = q*l(y) - w(y). Is v(5) a composite number?
False
Suppose 209*f - 183704803 = 178838457 - 126913943. Is f composite?
True
Let x = 33728 + -17305. Is x composite?
True
Suppose -3*x + 2*x = 0. Suppose -4*j - 12 - 1 = -w, 2*j - 4*w + 10 = x. Let h = 218 - j. Is h prime?
False
Let o(w) = 4*w**2 - 10*w + 17. Let y(d) = d**3 - 7*d**2 + 12*d - 8. Let x be y(6). Let h be (-1)/((-2)/x*2). Is o(h) a prime number?
False
Let j = 3823 + -2972. Is j a prime number?
False
Let q(f) = 11030*f - 2511. Is q(11) prime?
True
Suppose 24*v + 614290 - 1215147 = 2119831. Is v composite?
True
Let k(a) = 543*a - 1292. Is k(23) composite?
False
Let s = -107734 - -153245. Is s a prime number?
False
Suppose 146070 = 5*h + 5*s, 4*h - 5*s = 83010 + 33837. Is h a composite number?
True
Suppose -f - 4*g + 179461 = -6*g, -3*f = -2*g - 538355. Is f a composite number?
True
Suppose 6*w - 47 = 7*w. Let y = w + 39. Let h(f) = f**3 + 10*f**2 + 14*f + 19. Is h(y) prime?
False
Let r(q) = q**2 - 3*q + 4. Let v be r(4). Let h be (-4 + 10/v)*28. Let l = h + 123. Is l a composite number?
True
Let c(j) = j - 1. Let t(n) = -78*n + 3. Let i be (-1 + 0)*(-5 - 24/(-4)). Let z(v) = i*t(v) + 15*c(v). Is z(13) prime?
False
Let b(z) = 282082*z + 17. Is b(1) a prime number?
False
Suppose 0 = -3*q + 5*d + 6 + 26, -3*d - 32 = -5*q. Is 20408/10 - (q - 105/25) prime?
False
Is 14100 + ((-98)/(-42))/((-2)/(-6)) composite?
False
Suppose -3*r - 461 - 2566 = 0. Let n = r - -1850. Is n composite?
True
Suppose 2 = -k + 8. Suppose -3*z + 845 = 5*a, 4*a + k*z = 2*z + 676. Let g = 467 - a. Is g a composite number?
True
Suppose 703928 = -3569*d + 3577*d. Is d composite?
False
Let l = 232790 + -158509. Is l composite?
True
Let u(k) = 732*k**2 - 11*k - 15. Let j = -181 + 179. Is u(j) a composite number?
True
Suppose 226*p - 5522128 = 210*p. Is p a prime number?
True
Suppose 19*f + 90 = 14. Is 9406 - f*3/12 a prime number?
False
Is (10/4)/(11/(376398/45)) composite?
False
Let s be (0 + 0 + 1)/((-7)/(-63)). Suppose -s*g + 13783 = 2*g. Is g composite?
True
Let s(v) = -2762*v + 919. Is s(-12) a composite number?
True
Let j(g) = g + 6. Let r = 61 - 64. Let t be j(r). Is -762*(-4 + t)/3 a composite number?
True
Let s be 73/(-4 + (-165)/(-42)). Let n = s + -262. Let f = n + 4385. Is f composite?
True
Let c = -205721 + 298760. Is c composite?
True
Suppose -45384 = -53*w + 50*w - 2223. Is w composite?
False
Suppose 3*k + 17*k - 6035843 = -773263. Is k prime?
True
Let a(i) = 160*i**2 + 1. Let d(c) = -3*c + 15. Let h be d(9). Let r be (1/(-2))/(h/(-48)). Is a(r) a composite number?
False
Let w be 9935 - (18/81 + 80/(-36)). Let p = w - -1694. Is p a prime number?
False
Let k(b) = -b - 1501. Let p be k(0). Let l = 5493 + -3013. Let h = l + p. Is h prime?
False
Let r